{"id":2,"date":"2011-03-15T20:39:11","date_gmt":"2011-03-15T20:39:11","guid":{"rendered":"http:\/\/les-miscellanees-de-so.htkc.org\/?page_id=2"},"modified":"2011-03-16T12:00:53","modified_gmt":"2011-03-16T11:00:53","slug":"sample-page","status":"publish","type":"page","link":"https:\/\/les-miscellanees-de-so.htkc.org\/?page_id=2","title":{"rendered":"Qui est So?"},"content":{"rendered":"<p>So, c&rsquo;est moi, Sol\u00e8ne. A votre service!<\/p>\n<p>Pourquoi ce blog existe? C&rsquo;est tout simple! Je vais entreprendre ce que j&rsquo;appelle \u00ab\u00a0la route des vins\u00a0\u00bb. Vous pourrez suivre mon voyage dans la plupart des r\u00e9gions viticoles fran\u00e7aises et avoir de mes nouvelles si je ne d\u00e9croche pas le t\u00e9l\u00e9phone!<\/p>\n<p>Qui \u00e7a peut int\u00e9resser? Mes amis, ma famille, mes proches, mes connaissances, les gens avec qui je vais partager ce p\u00e9riple, les amoureux du vin, du terroir et du mot \u00ab\u00a0miscellan\u00e9es\u00a0\u00bb!<\/p>\n<p>Pourquoi ce voyage? Encore jeune dans les m\u00e9tiers du vin, j&rsquo;ai besoin de parfaire mon exp\u00e9rience. Aller \u00ab\u00a0sur le terrain\u00a0\u00bb est une \u00e9vidence pour moi. Voir de mes yeux vu, partager le quotidien des vignerons, tra\u00eener dans les bars \u00e0 vin! &#8230;etc!<\/p>\n<p>Voil\u00e0, vous savez l&rsquo;essentiel et pourquoi vous \u00eates ici! En vous souhaitant bonne lecture!<\/p>\n<p>So<\/p>\n<p>PS : Merci \u00e0 Paul qui \u00ab\u00a0m&rsquo;h\u00e9berge\u00a0\u00bb et qui va devoir me supporter pendant 5 mois! Qui est Paul? Le webmaster!<\/p>\n","protected":false},"excerpt":{"rendered":"<p>So, c&rsquo;est moi, Sol\u00e8ne. A votre service! Pourquoi ce blog existe? C&rsquo;est tout simple! Je vais entreprendre ce que j&rsquo;appelle \u00ab\u00a0la route des vins\u00a0\u00bb. Vous pourrez suivre mon voyage dans la plupart des r\u00e9gions viticoles fran\u00e7aises et avoir de mes &hellip; <a href=\"https:\/\/les-miscellanees-de-so.htkc.org\/?page_id=2\">Continuer la lecture <span class=\"meta-nav\">&rarr;<\/span><\/a><\/p>\n","protected":false},"author":1,"featured_media":0,"parent":0,"menu_order":0,"comment_status":"closed","ping_status":"open","template":"","meta":[],"_links":{"self":[{"href":"https:\/\/les-miscellanees-de-so.htkc.org\/index.php?rest_route=\/wp\/v2\/pages\/2"}],"collection":[{"href":"https:\/\/les-miscellanees-de-so.htkc.org\/index.php?rest_route=\/wp\/v2\/pages"}],"about":[{"href":"https:\/\/les-miscellanees-de-so.htkc.org\/index.php?rest_route=\/wp\/v2\/types\/page"}],"author":[{"embeddable":true,"href":"https:\/\/les-miscellanees-de-so.htkc.org\/index.php?rest_route=\/wp\/v2\/users\/1"}],"replies":[{"embeddable":true,"href":"https:\/\/les-miscellanees-de-so.htkc.org\/index.php?rest_route=%2Fwp%2Fv2%2Fcomments&post=2"}],"version-history":[{"count":2,"href":"https:\/\/les-miscellanees-de-so.htkc.org\/index.php?rest_route=\/wp\/v2\/pages\/2\/revisions"}],"predecessor-version":[{"id":6,"href":"https:\/\/les-miscellanees-de-so.htkc.org\/index.php?rest_route=\/wp\/v2\/pages\/2\/revisions\/6"}],"wp:attachment":[{"href":"https:\/\/les-miscellanees-de-so.htkc.org\/index.php?rest_route=%2Fwp%2Fv2%2Fmedia&parent=2"}],"curies":[{"name":"wp","href":"https:\/\/api.w.org\/{rel}","templated":true}]}}